{"id":8,"date":"2023-07-01T18:59:44","date_gmt":"2023-07-01T18:59:44","guid":{"rendered":"https:\/\/florreichl.com\/?page_id=8"},"modified":"2024-05-08T07:31:50","modified_gmt":"2024-05-08T07:31:50","slug":"biografia","status":"publish","type":"page","link":"https:\/\/florreichl.com\/?page_id=8","title":{"rendered":"Sobre m\u00ed"},"content":{"rendered":"\t\t<div data-elementor-type=\"wp-page\" data-elementor-id=\"8\" class=\"elementor elementor-8\">\n\t\t\t\t\t\t<section class=\"elementor-section elementor-top-section elementor-element elementor-element-7718321a elementor-section-boxed elementor-section-height-default elementor-section-height-default\" data-id=\"7718321a\" data-element_type=\"section\">\n\t\t\t\t\t\t<div class=\"elementor-container elementor-column-gap-default\">\n\t\t\t\t\t<div class=\"elementor-column elementor-col-100 elementor-top-column elementor-element elementor-element-240685b8\" data-id=\"240685b8\" data-element_type=\"column\">\n\t\t\t<div class=\"elementor-widget-wrap elementor-element-populated\">\n\t\t\t\t\t\t<div class=\"elementor-element elementor-element-309dc306 elementor-widget elementor-widget-text-editor\" data-id=\"309dc306\" data-element_type=\"widget\" data-widget_type=\"text-editor.default\">\n\t\t\t\t<div class=\"elementor-widget-container\">\n\t\t\t\t\t\t\t\t\t<p><em>\u00a0 <\/em>Nac\u00ed un 13 de julio de 1989 en Quilmes Oeste, en Buenos Aires, Argentina. Mis padres, ambos argentinos, me criaron con mis hermanos en Quilmes Oeste hasta el a\u00f1o 2002, justo antes de que cumpliera los 13 a\u00f1os. Despu\u00e9s de una conversaci\u00f3n familiar, decidimos que lo mejor era mudarnos a otro pa\u00eds.<\/p><p>\u00a0 Debido a la doble nacionalidad de mi padre, de mis hermanos y m\u00eda, la primera opci\u00f3n en la que pensamos fue Austria. Pero los primeros planes suelen torcerse, y as\u00ed fue c\u00f3mo terminamos en un peque\u00f1o pueblo en el centro de Catalu\u00f1a, en Espa\u00f1a, llamado Solsona.<\/p><p>\u00a0 Empec\u00e9 a escribir desde peque\u00f1a, y tard\u00e9 much\u00edsimo en lograr desarrollarme y evolucionar para escribir como lo hago hoy. Todav\u00eda me queda much\u00edsimo por aprender, pero no ser\u00eda, desde luego, ni la misma persona ni la misma escritora sin haber pasado antes por todas las experiencias que me hicieron ser quien soy hoy.<\/p><p>\u00a0 En Solsona pas\u00e9 toda mi adolescencia: fue el pueblo en donde crec\u00ed y en donde aprend\u00ed valores e ideales, y descubr\u00ed cu\u00e1les eran los sue\u00f1os por los que quer\u00eda luchar. Al rozar la mayor\u00eda de edad, hice la Selectividad de entonces, en 2007, con la intenci\u00f3n de entrar en la Universitat Aut\u00f2noma de Barcelona a estudiar Traducci\u00f3n e Interpretaci\u00f3n. Me sent\u00ed la persona m\u00e1s dichosa del mundo cuando fui aceptada.<\/p><p>\u00a0 Mis idiomas fueron castellano de primera lengua, alem\u00e1n de segunda y japon\u00e9s de tercera. Durante mi \u00faltimo a\u00f1o de carrera, asimismo, realic\u00e9 varias asignaturas relacionadas con el idioma y la cultura coreana.<\/p><p>\u00a0 Me sent\u00eda muy contenta en la universidad: tuve la oportunidad de conocer gente maravillosa y otra tanta no tan maravillosa, pero todas fueron capaces de dejar una huella en m\u00ed: fue de quienes aprend\u00ed y con quienes me conoc\u00ed a m\u00ed misma. Adem\u00e1s, pude hacer un Erasmus en Viena durante el curso 2009-2010, un a\u00f1o que se grab\u00f3 en mi memoria como fuego.<\/p><p>\u00a0 Al terminar la carrera en 2013, mi felicidad ya no era tan plena: no pude encontrar trabajo de lo m\u00edo. Tuve que intentar buscar trabajos en los que me valieran mis idiomas, adem\u00e1s del ingl\u00e9s, que hab\u00eda estudiado por mi cuenta.<\/p><p>\u00a0 En uno de mis trabajos, en 2016, conoc\u00ed a la persona con la que decidir\u00eda formar la hermosa familia que hoy tengo: Mariano, mi pareja, con quien tuvimos a Milo, mi primog\u00e9nito, y a nuestro segundo guerrero, Maxi. No me voy a olvidar de mencionar tampoco a Shina, nuestra gata, a quien adopt\u00e9 en 2015 cuando a\u00fan viv\u00eda en Barcelona.<\/p><p>\u00a0 En octubre de 2017, Mariano y yo empezamos a vivir juntos en Santander, en donde nos establecimos. Cantabria, mi nuevo hogar, fue la tierra que vio hacerse realidad muchos de mis sue\u00f1os, entre ellos el de ser una escritora publicada.<\/p><p>\u00a0 Despu\u00e9s de haber terminado mi primera novela, <em>La sombra del pasado<\/em>, en 2021, mientras preparaba mis primeras oposiciones para ser profesora de secundaria de la especialidad de Ingl\u00e9s, por fin logr\u00e9 encontrar en 2023 una editorial con la que publicar, <a href=\"https:\/\/conmdemujer.es\/\">Con M de Mujer<\/a>. Debido a que era escritora novel, se decidi\u00f3 que la novela se dividir\u00eda en dos partes. El primer volumen, titulado <a href=\"https:\/\/florreichl.com\/?p=140\"><em>La sombra del pasado. Volumen 1: Luces de invierno<\/em><\/a>, se public\u00f3 en julio de 2023.<\/p><p>\u00a0 En abril de 2024 volv\u00ed a Catalu\u00f1a para dos eventos relacionados con la literatura: el 23 de abril, el D\u00eda del Libro por excelencia y, tambi\u00e9n, el d\u00eda de Sant Jordi, tuve la oportunidad de firmar y vender libros en frente de la Ciutadella. \u00a1Una experiencia exquisita, sobre todo con todas las visitas que Uds. me regalaron!<\/p><p>\u00a0 El 24 de abril, por otro lado, pude presentar la primera parte mi novela,<a href=\"https:\/\/florreichl.com\/?p=140\"> <em>La sombra del pasado. Volumen 1: Luces de invierno<\/em><\/a> en la <a href=\"https:\/\/florreichl.com\/?page_id=8\">Biblioteca Carles Morat\u00f3 de Solsona<\/a> con el apoyo de mi querid\u00edsima <a href=\"https:\/\/florreichl.com\/?page_id=8\">Dolors Gu\u00e0rdia R\u00fabies<\/a>. \u00a1Mil gracias por esta oportunidad!<\/p><p>\u00a0 En mayo de 2024, <a href=\"https:\/\/conmdemujer.es\/\">Con M de Mujer Editorial<\/a> me confirm\u00f3 la publicaci\u00f3n de la segunda parte de mi novela, <a href=\"https:\/\/florreichl.com\/?p=415\"><em>La sombra del pasado. Volumen 2: Estrellas de fuego.\u00a0<\/em><\/a><\/p>\t\t\t\t\t\t\t\t<\/div>\n\t\t\t\t<\/div>\n\t\t\t\t\t<\/div>\n\t\t<\/div>\n\t\t\t\t\t<\/div>\n\t\t<\/section>\n\t\t<div class=\"elementor-element elementor-element-2bee017 e-flex e-con-boxed e-con e-parent\" data-id=\"2bee017\" data-element_type=\"container\">\n\t\t\t\t\t<div class=\"e-con-inner\">\n\t\t\t\t<div class=\"elementor-element elementor-element-d291e73 elementor-widget elementor-widget-image\" data-id=\"d291e73\" data-element_type=\"widget\" data-widget_type=\"image.default\">\n\t\t\t\t<div class=\"elementor-widget-container\">\n\t\t\t\t\t\t\t\t\t\t\t\t<figure class=\"wp-caption\">\n\t\t\t\t\t\t\t\t\t\t<img fetchpriority=\"high\" decoding=\"async\" width=\"768\" height=\"1020\" src=\"https:\/\/florreichl.com\/wp-content\/uploads\/2024\/05\/WhatsApp-Image-2024-05-02-at-15.15.26-3.jpeg\" class=\"attachment-large size-large wp-image-335\" alt=\"\" srcset=\"https:\/\/florreichl.com\/wp-content\/uploads\/2024\/05\/WhatsApp-Image-2024-05-02-at-15.15.26-3.jpeg 768w, https:\/\/florreichl.com\/wp-content\/uploads\/2024\/05\/WhatsApp-Image-2024-05-02-at-15.15.26-3-226x300.jpeg 226w\" sizes=\"(max-width: 768px) 100vw, 768px\" \/>\t\t\t\t\t\t\t\t\t\t\t<figcaption class=\"widget-image-caption wp-caption-text\">Barcelona, festejando Sant Jordi de 2024<\/figcaption>\n\t\t\t\t\t\t\t\t\t\t<\/figure>\n\t\t\t\t\t\t\t\t\t<\/div>\n\t\t\t\t<\/div>\n\t\t\t\t\t<\/div>\n\t\t\t\t<\/div>\n\t\t\t\t<\/div>\n\t\t","protected":false},"excerpt":{"rendered":"<p>\u00a0 Nac\u00ed un 13 de julio de 1989 en Quilmes Oeste, en Buenos Aires, Argentina. Mis padres, ambos argentinos, me criaron con mis hermanos en Quilmes Oeste hasta el a\u00f1o 2002, justo antes de que cumpliera los 13 a\u00f1os. Despu\u00e9s de una conversaci\u00f3n familiar, decidimos que lo mejor era mudarnos a otro pa\u00eds. \u00a0 Debido a la doble nacionalidad de mi padre, de mis hermanos y m\u00eda, la primera opci\u00f3n en la que pensamos fue Austria. Pero los primeros planes suelen torcerse, y as\u00ed fue c\u00f3mo terminamos en un peque\u00f1o pueblo en el centro de Catalu\u00f1a, en Espa\u00f1a, llamado Solsona. \u00a0 Empec\u00e9 a escribir desde peque\u00f1a, y tard\u00e9 much\u00edsimo en lograr desarrollarme y evolucionar para escribir como lo hago hoy. Todav\u00eda me queda much\u00edsimo por aprender, pero no ser\u00eda, desde luego, ni la misma persona ni la misma escritora sin haber pasado antes por todas las experiencias que me hicieron ser quien soy hoy. \u00a0 En Solsona pas\u00e9 toda mi adolescencia: fue el pueblo en donde crec\u00ed y en donde aprend\u00ed valores e ideales, y descubr\u00ed cu\u00e1les eran los sue\u00f1os por los que quer\u00eda luchar. Al rozar la mayor\u00eda de edad, hice la Selectividad de entonces, en 2007, con la intenci\u00f3n de entrar en la Universitat Aut\u00f2noma de Barcelona a estudiar Traducci\u00f3n e Interpretaci\u00f3n. Me sent\u00ed la persona m\u00e1s dichosa del mundo cuando fui aceptada. \u00a0 Mis idiomas fueron castellano de primera lengua, alem\u00e1n de segunda y japon\u00e9s de tercera. Durante mi \u00faltimo a\u00f1o de carrera, asimismo, realic\u00e9 varias asignaturas relacionadas con el idioma y la cultura coreana. \u00a0 Me sent\u00eda muy contenta en la universidad: tuve la oportunidad de conocer gente maravillosa y otra tanta no tan maravillosa, pero todas fueron capaces de dejar una huella en m\u00ed: fue de quienes aprend\u00ed y con quienes me conoc\u00ed a m\u00ed misma. Adem\u00e1s, pude hacer un Erasmus en Viena durante el curso 2009-2010, un a\u00f1o que se grab\u00f3 en mi memoria como fuego. \u00a0 Al terminar la carrera en 2013, mi felicidad ya no era tan plena: no pude encontrar trabajo de lo m\u00edo. Tuve que intentar buscar trabajos en los que me valieran mis idiomas, adem\u00e1s del ingl\u00e9s, que hab\u00eda estudiado por mi cuenta. \u00a0 En uno de mis trabajos, en 2016, conoc\u00ed a la persona con la que decidir\u00eda formar la hermosa familia que hoy tengo: Mariano, mi pareja, con quien tuvimos a Milo, mi primog\u00e9nito, y a nuestro segundo guerrero, Maxi. No me voy a olvidar de mencionar tampoco a Shina, nuestra gata, a quien adopt\u00e9 en 2015 cuando a\u00fan viv\u00eda en Barcelona. \u00a0 En octubre de 2017, Mariano y yo empezamos a vivir juntos en Santander, en donde nos establecimos. Cantabria, mi nuevo hogar, fue la tierra que vio hacerse realidad muchos de mis sue\u00f1os, entre ellos el de ser una escritora publicada. \u00a0 Despu\u00e9s de haber terminado mi primera novela, La sombra del pasado, en 2021, mientras preparaba mis primeras oposiciones para ser profesora de secundaria de la especialidad de Ingl\u00e9s, por fin logr\u00e9 encontrar en 2023 una editorial con la que publicar, Con M de Mujer. Debido a que era escritora novel, se decidi\u00f3 que la novela se dividir\u00eda en dos partes. El primer volumen, titulado La sombra del pasado. Volumen 1: Luces de invierno, se public\u00f3 en julio de 2023. \u00a0 En abril de 2024 volv\u00ed a Catalu\u00f1a para dos eventos relacionados con la literatura: el 23 de abril, el D\u00eda del Libro por excelencia y, tambi\u00e9n, el d\u00eda de Sant Jordi, tuve la oportunidad de firmar y vender libros en frente de la Ciutadella. \u00a1Una experiencia exquisita, sobre todo con todas las visitas que Uds. me regalaron! \u00a0 El 24 de abril, por otro lado, pude presentar la primera parte mi novela, La sombra del pasado. Volumen 1: Luces de invierno en la Biblioteca Carles Morat\u00f3 de Solsona con el apoyo de mi querid\u00edsima Dolors Gu\u00e0rdia R\u00fabies. \u00a1Mil gracias por esta oportunidad! \u00a0 En mayo de 2024, Con M de Mujer Editorial me confirm\u00f3 la publicaci\u00f3n de la segunda parte de mi novela, La sombra del pasado. Volumen 2: Estrellas de fuego.\u00a0 Barcelona, festejando Sant Jordi de 2024<\/p>\n","protected":false},"author":1,"featured_media":0,"parent":0,"menu_order":0,"comment_status":"closed","ping_status":"closed","template":"","meta":{"om_disable_all_campaigns":false,"_monsterinsights_skip_tracking":false,"_monsterinsights_sitenote_active":false,"_monsterinsights_sitenote_note":"","_monsterinsights_sitenote_category":0,"footnotes":""},"class_list":["post-8","page","type-page","status-publish","hentry"],"aioseo_notices":[],"_links":{"self":[{"href":"https:\/\/florreichl.com\/index.php?rest_route=\/wp\/v2\/pages\/8","targetHints":{"allow":["GET"]}}],"collection":[{"href":"https:\/\/florreichl.com\/index.php?rest_route=\/wp\/v2\/pages"}],"about":[{"href":"https:\/\/florreichl.com\/index.php?rest_route=\/wp\/v2\/types\/page"}],"author":[{"embeddable":true,"href":"https:\/\/florreichl.com\/index.php?rest_route=\/wp\/v2\/users\/1"}],"replies":[{"embeddable":true,"href":"https:\/\/florreichl.com\/index.php?rest_route=%2Fwp%2Fv2%2Fcomments&post=8"}],"version-history":[{"count":35,"href":"https:\/\/florreichl.com\/index.php?rest_route=\/wp\/v2\/pages\/8\/revisions"}],"predecessor-version":[{"id":493,"href":"https:\/\/florreichl.com\/index.php?rest_route=\/wp\/v2\/pages\/8\/revisions\/493"}],"wp:attachment":[{"href":"https:\/\/florreichl.com\/index.php?rest_route=%2Fwp%2Fv2%2Fmedia&parent=8"}],"curies":[{"name":"wp","href":"https:\/\/api.w.org\/{rel}","templated":true}]}}