{"id":457,"date":"2024-05-07T08:17:53","date_gmt":"2024-05-07T08:17:53","guid":{"rendered":"https:\/\/florreichl.com\/?page_id=457"},"modified":"2024-05-07T10:25:32","modified_gmt":"2024-05-07T10:25:32","slug":"contacto","status":"publish","type":"page","link":"https:\/\/florreichl.com\/?page_id=457","title":{"rendered":"Contacto"},"content":{"rendered":"<p>&nbsp;<\/p>\n<p>&nbsp;<\/p>\n<p>Si quisieras contactar conmigo para cualquier tipo de gesti\u00f3n, pod\u00e9s hacerlo a trav\u00e9s de los siguientes medios:<\/p>\n<p>&nbsp;<\/p>\n<h3 style=\"text-align: center;\"><a href=\"https:\/\/www.instagram.com\/reichlflor\/\">Instagram<\/a><\/h3>\n<p>&nbsp;<\/p>\n<h3 style=\"text-align: center;\"><a href=\"mailto:reichlflor@gmail.com\">Correo electr\u00f3nico<\/a><\/h3>\n<p>&nbsp;<\/p>\n<p>En caso de que quisieras obtener <a href=\"https:\/\/florreichl.com\/?p=137\">un ejemplar firmado y dedicado de alguna de mis novelas<\/a>, \u00a1no dudes en escribirme!<\/p>\n<p>&nbsp;<\/p>\n<figure id=\"attachment_400\" aria-describedby=\"caption-attachment-400\" style=\"width: 300px\" class=\"wp-caption aligncenter\"><img decoding=\"async\" class=\"wp-image-400 size-medium\" src=\"https:\/\/florreichl.com\/wp-content\/uploads\/2024\/05\/cropped-WhatsApp-Image-2024-05-02-at-15.15.28-300x115.jpeg\" alt=\"\" width=\"300\" height=\"115\" srcset=\"https:\/\/florreichl.com\/wp-content\/uploads\/2024\/05\/cropped-WhatsApp-Image-2024-05-02-at-15.15.28-300x115.jpeg 300w, https:\/\/florreichl.com\/wp-content\/uploads\/2024\/05\/cropped-WhatsApp-Image-2024-05-02-at-15.15.28.jpeg 516w\" sizes=\"(max-width: 300px) 100vw, 300px\" \/><figcaption id=\"caption-attachment-400\" class=\"wp-caption-text\">Presentaci\u00f3n de La sombra del pasado. Volumen 1: Luces de invierno, en la Biblioteca Carles Morat\u00f3 de Solsona en compa\u00f1\u00eda de Dolors Gu\u00e0rdia R\u00fabies.<\/figcaption><\/figure>\n","protected":false},"excerpt":{"rendered":"<p>&nbsp; &nbsp; Si quisieras contactar conmigo para cualquier tipo de gesti\u00f3n, pod\u00e9s hacerlo a trav\u00e9s de los siguientes medios: &nbsp; Instagram &nbsp; Correo electr\u00f3nico &nbsp; En caso de que quisieras obtener un ejemplar firmado y dedicado de alguna de mis novelas, \u00a1no dudes en escribirme! &nbsp;<\/p>\n","protected":false},"author":1,"featured_media":0,"parent":0,"menu_order":0,"comment_status":"closed","ping_status":"closed","template":"","meta":{"om_disable_all_campaigns":false,"_monsterinsights_skip_tracking":false,"_monsterinsights_sitenote_active":false,"_monsterinsights_sitenote_note":"","_monsterinsights_sitenote_category":0,"footnotes":""},"class_list":["post-457","page","type-page","status-publish","hentry"],"aioseo_notices":[],"_links":{"self":[{"href":"https:\/\/florreichl.com\/index.php?rest_route=\/wp\/v2\/pages\/457","targetHints":{"allow":["GET"]}}],"collection":[{"href":"https:\/\/florreichl.com\/index.php?rest_route=\/wp\/v2\/pages"}],"about":[{"href":"https:\/\/florreichl.com\/index.php?rest_route=\/wp\/v2\/types\/page"}],"author":[{"embeddable":true,"href":"https:\/\/florreichl.com\/index.php?rest_route=\/wp\/v2\/users\/1"}],"replies":[{"embeddable":true,"href":"https:\/\/florreichl.com\/index.php?rest_route=%2Fwp%2Fv2%2Fcomments&post=457"}],"version-history":[{"count":4,"href":"https:\/\/florreichl.com\/index.php?rest_route=\/wp\/v2\/pages\/457\/revisions"}],"predecessor-version":[{"id":480,"href":"https:\/\/florreichl.com\/index.php?rest_route=\/wp\/v2\/pages\/457\/revisions\/480"}],"wp:attachment":[{"href":"https:\/\/florreichl.com\/index.php?rest_route=%2Fwp%2Fv2%2Fmedia&parent=457"}],"curies":[{"name":"wp","href":"https:\/\/api.w.org\/{rel}","templated":true}]}}